on factor of 772 and q?
1
Let d be ((-154)/(-7) - -69) + -25. Calculate the greatest common factor of 3278 and d.
22
Let v(t) = t**2 + 339*t + 2031. Let g be v(-6). What is the greatest common divisor of g and 8151?
33
Let a(t) = -t**2 - 8*t - 4. Let f be a(-7). Let w be 2 + (1 + 0 - f). Suppose w*j = 2*j - 154. Calculate the highest common divisor of j and 7.
7
Let v(j) = -2*j**3 - 2*j**2 + 5*j - 8. Suppose 153*f - 139*f + 56 = 0. Let z be v(f). Let g = 49 + -32. What is the highest common factor of z and g?
17
Let d be (-105)/(-2) - (-15)/(-10). Suppose 2*y - 7 = d. Let i be 53 - (9 - 7 - 7)*1/1. Calculate the greatest common divisor of i and y.
29
Suppose 0 = -2*m - 4*c + 52, 5*m - 98 = -c + 23. Suppose -3*z = -3*l - m, 4*z + 3*l + 36 = 9*z. Calculate the greatest common divisor of 114 and z.
6
Let k = 9 + -10. Let x be 9/(-12)*-4 - k. Suppose 0 = 2*b - x*b + 48. Calculate the highest common divisor of b and 24.
24
Suppose 0 = 3*l - 4*g - 1669, 5*l - 40 = -2*g + 2707. Calculate the greatest common divisor of l and 145.
29
Suppose 3*k = y - 52, -212*y - 260 = -217*y - 2*k. Let n be 414/8 + (-2)/(32/(-4)). What is the highest common factor of y and n?
52
Let k = 103 - 187. Let g = k + 98. Calculate the highest common factor of 224 and g.
14
Suppose 3*b - 14*b + 1998 = 63*b. Let n = -14 - -22. Let a = -5 + n. What is the greatest common factor of b and a?
3
Let k(o) = 20*o - 4. Let j be k(3). Let x = j + -44. Suppose -4*h = -3*a + 18, a = 3*a + 3*h - x. What is the greatest common divisor of 12 and a?
6
Let h = -989 - -2039. Let p be (-4044)/(-60) - 26 - ((-255)/300 - (-1)/4). What is the greatest common divisor of p and h?
42
Let d = 29 + -25. Suppose -2*p + 113 - 88 = -t, 5*p - d*t = 70. What is the highest common factor of 880 and p?
10
Suppose 6910 = 180*b - 3569 + 399. What is the highest common factor of 658 and b?
14
Let u(m) = -m**3 - 16*m**2 - 7*m + 87. Let f be u(-17). What is the greatest common divisor of 891 and f?
99
Let u(l) = 3*l**2 - 249*l - 751. Let k be u(86). Calculate the greatest common divisor of k and 8073.
23
Suppose 0 = 5*k - 24 - 6. Suppose -k*c = -3*c - 33. Let g = -544 - -632. Calculate the highest common factor of g and c.
11
Let s be -493*1/(3/9)*4. Let t be (-2)/3*s/8 + -4. Suppose -3*j = u + 3*u - t, u + 2*j - 126 = 0. What is the greatest common factor of 80 and u?
40
Suppose 0 = -108*q - 39*q + 8085. Suppose -3*f = -2 + 11. Let r(v) = v**2 - 4. Let o be r(f). Calculate the greatest common divisor of o and q.
5
Suppose 2*z + 322 = -3*u - 31, -3*z - 529 = 4*u. Let y = -166 - z. Calculate the highest common divisor of y and 135.
9
Let v be -4*(-24)/32 - -292. Let m = 417 - v. Calculate the greatest common divisor of 183 and m.
61
Suppose 22*r - 152 = 20*r - 4*t, 4*t = -24. What is the highest common divisor of r and 264?
88
Suppose d - 35 = -2*w, d - 3 = -9*w + 88. Let c = 10 - -12. Let g be (-1 + 39)/(4/c). What is the greatest common factor of g and d?
19
Let y = 2 + 1. Let z = 146734 + -146677. Calculate the highest common divisor of z and y.
3
Suppose 2*w = 3*z - 1572, 86*w = z + 91*w - 490. Calculate the greatest common factor of 1160 and z.
40
Suppose 3*p = -t + 58, 2*t - 5*p - 177 + 94 = 0. Let h be -16*(60/(-8))/(-5). Let i = -10 - h. Calculate the highest common divisor of t and i.
7
Let b = -152 + 527. What is the greatest common factor of 825 and b?
75
Suppose 5*f - x - 7 = 163, 2*x + 10 = 0. Calculate the highest common divisor of 704 and f.
11
Let d be (-1)/(-3) - 10/(-6). Let p = 6675 - 6663. What is the greatest common divisor of d and p?
2
Suppose 2*r - 8 - 12 = 0. Let y be (-3)/(0 + 1 + -2). Let b = y + r. What is the highest common factor of b and 117?
13
Suppose -3*g - 8*g = -66. Suppose g*s - 322 = -1042. Let v = 129 + s. Calculate the greatest common factor of 12 and v.
3
Suppose 0 = 26*q - 19*q. Suppose -144*u + 146*u - 230 = q. Calculate the highest common factor of u and 5.
5
Suppose -11322 + 11812 = 14*x. Calculate the greatest common divisor of 75 and x.
5
Let c be ((-7830)/696)/(2/(-72)). Calculate the highest common factor of c and 1035.
45
Let v be 7/(-3)*4710/(-14). What is the greatest common divisor of 170 and v?
5
Suppose 60 = f + 4*f. Let o(m) = m**3 - 12*m**2 + 36*m - 22. Let j be o(f). Calculate the highest common factor of j and 82.
82
Let p be 400/104 + -4 + 79978/13. What is the greatest common factor of 8 and p?
8
Suppose 2*s - 144 = 7*y + 248, -2*s + 5*y = -388. Let d be (-42)/((-4)/(-2))*-1. What is the greatest common factor of d and s?
21
Let a(o) = 90*o. Let p be a(1). Let g be 1287/24 + 8/(192/9). What is the highest common divisor of p and g?
18
Let q = 162 + 308. Let c = q - 246. What is the highest common divisor of c and 7?
7
Suppose 11 = -f + 33. Let h = 52 - f. Suppose -3*g = -57 + h. What is the highest common divisor of 81 and g?
9
Let r be 480*(-6)/234*-13. Suppose x - 339 = 4*x. Let h = -81 - x. Calculate the greatest common factor of h and r.
32
Suppose -4*n + 260 = 4*q, -5*q - 186 = -5*n + 179. What is the highest common divisor of n and 23?
23
Let o be -2 + 164/36 - (-172)/387. Calculate the greatest common factor of 3213 and o.
3
Let q(j) = 15*j - 147. Let l be q(-25). Let h be ((-38)/6)/(29/l). What is the greatest common divisor of h and 6?
6
Suppose -228 = -4*w + 4*y, y - 430 = -436. Calculate the highest common factor of 4828 and w.
17
Let k(r) = 7*r**3 + 4*r**2 - 10*r + 132. Let g be k(6). What is the highest common factor of g and 54?
54
Let v = -160 + 160. Suppose v*s = s - 4. Let j(q) = q**2 - 7*q + 8. Let o be j(8). Calculate the greatest common divisor of o and s.
4
Let v = 1223 + -3. Calculate the highest common divisor of v and 122.
122
Let q be 765/3*((-7)/3 + 3). Suppose -q = -9*v - 17. Calculate the greatest common factor of v and 136.
17
Suppose 0 = -4*l + 2*s - 666 + 1814, 0 = -2*l + 2*s + 578. Let d = -167015 - -167020. What is the greatest common factor of d and l?
5
Let r = 3111 + -2985. What is the highest common factor of 742 and r?
14
Let i be (2/6)/((-17)/(-714)). Suppose 5*w = -z + 2*z + 1091, 3*z - 215 = -w. Suppose -8*c + 62 = -w. Calculate the greatest common divisor of c and i.
7
Suppose 4*m - 2*y + 3*y - 15 = 0, -2*y = -6. Suppose -107 - 16 = -m*g. Let c = -31 + g. What is the greatest common factor of c and 90?
10
Let p be (0 - 3/5)*35. Let g be (-2349)/p - (-2)/14. Calculate the highest common factor of 48 and g.
16
Let k(x) = 9*x - 40. Let u(t) = -3*t + 13. Let a(s) = 6*k(s) + 17*u(s). Let f be a(0). Let w = f - -73. What is the greatest common divisor of 6 and w?
6
Let u be (-192)/36*(-9045)/10. What is the highest common factor of u and 72?
72
Let g be (4186/104)/(9/864). What is the highest common factor of g and 12?
12
Let p be (-60)/(-330) + 86/11. Calculate the highest common divisor of 392 and p.
8
Let d = -1569 + 2419. Let b = 1224 - d. Calculate the greatest common divisor of b and 102.
34
Let j be (-216)/(-30)*((-45)/2)/(-9). Calculate the greatest common divisor of 2688 and j.
6
Suppose -121*s + 130*s = 324. Calculate the greatest common divisor of s and 1356.
12
Let w be 33*(5/(-1))/(-15). Let g = 119 - -276. Suppose 5*i - f = f + g, -3*i + 2*f = -241. Calculate the highest common divisor of w and i.
11
Let i = -53 + 83. Let u be (-77)/(-11) + 17 + 0. Calculate the highest common divisor of u and i.
6
Suppose 658 = 40*c + 178. Let h = -2 + 5. Suppose g = r - 29, 3*g - 33 = r - h*r. Calculate the highest common factor of c and r.
12
Suppose 0 = 10*t - 308 + 8. Suppose -3*w = -6, -5*w + t + 7 = 3*x. Suppose 0 = 2*j + 10, 0 = -p + j - 6*j + x. What is the greatest common factor of p and 306?
34
Let t be 916/(24/(-180)*-6). Calculate the greatest common divisor of 5 and t.
5
Suppose 147*k = 143*k + 56. Suppose -3*y + 3*b = -891, 4*y - 5*b - 1185 = -2*b. Calculate the highest common factor of y and k.
14
Suppose 3250 = 19*t - 6*t. What is the greatest common factor of 450 and t?
50
Suppose -3*c = 53 - 68. Suppose -c*x = -11*x + 1140. What is the highest common factor of x and 20?
10
Suppose -4*a + 520 = 492. Let z = -9 + 23. Let d be (a/z)/((-1)/(-14)). Calculate the highest common factor of 21 and d.
7
Suppose -67 = -6*g - 43. Suppose -5*r + 0*r + 446 = t, -g*t + 434 = 5*r. Calculate the greatest common fact